4513?
-4501
In base 8, what is 2 + -45241?
-45237
In base 11, what is 20a53 - 9?
20a45
In base 5, what is 314 + -144?
120
In base 8, what is 440127 - -6?
440135
In base 14, what is -1957c - -3?
-19579
In base 4, what is 202220 - 3?
202211
In base 8, what is 43 + -11377?
-11334
In base 9, what is -18473 - 202?
-18675
In base 5, what is -1 - 20212231?
-20212232
In base 14, what is -4820 - 5?
-4825
In base 10, what is -182 + -2613?
-2795
In base 15, what is -6de + 2?
-6dc
In base 3, what is 210001012 - 202?
210000110
In base 4, what is 100323 - 1111?
33212
In base 2, what is -1100100 - 1111111000000?
-10000000100100
In base 16, what is -5 + 44b16?
44b11
In base 4, what is -1013 + 123?
-230
In base 15, what is -65 - 4e0?
-555
In base 3, what is 20210 + -10000?
10210
In base 11, what is -2043a + 11?
-20429
In base 5, what is 104431434 + 10?
104431444
In base 16, what is -5 - 2909?
-290e
In base 9, what is -2802 + 47?
-2744
In base 14, what is 1 + 99b21?
99b22
In base 12, what is 14 + -11252?
-1123a
In base 11, what is 2 - 38745?
-38743
In base 3, what is -100121021 + 111?
-100120210
In base 13, what is 895b + 0?
895b
In base 3, what is -12001 + -20222?
-110000
In base 8, what is 15075 + -26?
15047
In base 12, what is -38a + 7?
-383
In base 11, what is 19 - 71706?
-71698
In base 10, what is -232 - 34?
-266
In base 16, what is -1a10 - -165?
-18ab
In base 4, what is 2120323332 - 0?
2120323332
In base 5, what is 0 - -242412231?
242412231
In base 7, what is 61111 + 1?
61112
In base 8, what is -1074 - 246?
-1342
In base 10, what is 4125421 + 1?
4125422
In base 4, what is 2012033 - -20?
2012113
In base 6, what is 2 - 134252?
-134250
In base 16, what is 1a4d8d - -5?
1a4d92
In base 10, what is 66327 + 5?
66332
In base 6, what is 42144 - 10?
42134
In base 11, what is 248 + a49?
1196
In base 9, what is 3020011 - -5?
3020016
In base 8, what is -14 + 60345?
60331
In base 15, what is 4 - 11441?
-1143c
In base 8, what is -2 - -51767?
51765
In base 11, what is 701 - 279?
433
In base 12, what is -a - -30098?
3008a
In base 2, what is -10 - -100011011010110?
100011011010100
In base 5, what is -2113331 - -10?
-2113321
In base 13, what is -1219 + 44?
-11a5
In base 2, what is 10000000110001010 + -1101?
10000000101111101
In base 2, what is 100100001111001101011 + -100?
100100001111001100111
In base 16, what is -116 - -273?
15d
In base 13, what is -23 + 37a?
357
In base 12, what is 7 - -1269?
1274
In base 3, what is -101 - 120120110?
-120120211
In base 2, what is 11000100000 + 10011011001?
101011111001
In base 6, what is -351 + -231205?
-232000
In base 3, what is 2 - -111202220?
111202222
In base 15, what is -2e1c + -1?
-2e1d
In base 11, what is -3a48 - a?
-3a57
In base 16, what is -4b3 + 15?
-49e
In base 11, what is -191 + -67?
-248
In base 3, what is -12121121 - -201200?
-11212221
In base 2, what is 101101011010 + -10?
101101011000
In base 2, what is -1101101001011 + 100111?
-1101100100100
In base 11, what is 38 + 560?
598
In base 12, what is -45902 - 0?
-45902
In base 14, what is -1 - 1c4286?
-1c4287
In base 7, what is 442612 + -1?
442611
In base 9, what is -3 + 62043?
62040
In base 2, what is 10 + -10011101110010010?
-10011101110010000
In base 7, what is 3 + -130503?
-130500
In base 12, what is 3369 + -2?
3367
In base 2, what is -1000111111 + 1010?
-1000110101
In base 5, what is 40 - -410402?
410442
In base 12, what is 1 + b095?
b096
In base 7, what is -62 + -3126?
-3221
In base 5, what is 30 - -33441?
34021
In base 6, what is 230 + -25121?
-24451
In base 12, what is 1b - -21195?
211b4
In base 3, what is 11212101 + -11210?
11200121
In base 16, what is -b1 - -19a?
e9
In base 4, what is -13010103303 - 2?
-13010103311
In base 7, what is -166554 + 3?
-166551
In base 8, what is -4 + -153324?
-153330
In base 6, what is 53442 - -30?
53512
In base 2, what is -10101100010110110 + -11?
-10101100010111001
In base 5, what is -12011 - -10421?
-1040
In base 2, what is 10000001101011011100 + -100?
10000001101011011000
In base 4, what is 3 + 2331112131?
2331112200
In base 10, what is 22 + -116939?
-116917
In base 11, what is -16210a + -7?
-162116
In base 6, what is -30253512 + 2?
-30253510
In base 5, what is 10 + 11432?
11442
In base 7, what is 2612 - 360?
2222
In base 12, what is -2 + 60b372?
60b370
In base 10, what is -7343922 - -5?
-7343917
In base 3, what is 2112 + 20001211?
20011100
In base 15, what is -3 + -57129?
-5712c
In base 3, what is -12010222 + 112?
-12010110
In base 7, what is -11140 + 1045?
-10062
In base 6, what is 10455 - -1?
10500
In base 12, what is 0 - -3797?
3797
In base 4, what is -230 + 2133000?
2132110
In base 3, what is -12 + 22000021100?
22000021011
In base 5, what is -24432 - -24?
-24403
In base 14, what is 4 + -4487?
-4483
In base 8, what is -213272 - -3?
-213267
In base 11, what is 10141 + 3?
10144
In base 2, what is -1111 + 110100011001010?
110100010111011
In base 14, what is -6 + abd4?
abcc
In base 9, what is -227228 - -4?
-227224
In base 4, what is 1 + -3222001?
-3222000
In base 14, what is 72805 - -9?
72810
In base 13, what is 2 + -16924?
-16922
In base 2, what is 101 - -1100100001010010111?
1100100001010011100
In base 12, what is -14b91 + 0?
-14b91
In base 7, what is 2 - 1132250?
-1132245
In base 16, what is 107 - -10d?
214
In base 3, what is -20000 + 112111200?
112021200
In base 3, what is -1110211 + 201021?
-202120
In base 9, what is 6 + -1717?
-1711
In base 5, what is -2 - 32041203?
-32041210
In base 9, what is 3 - -1571276?
1571280
In base 8, what is -6 - -2026?
2020
In base 12, what is -3 - -8424?
8421
In base 5, what is -3 - 110203232?
-110203240
In base 2, what is -1010111001000 - -10010?
-1010110110110
In base 9, what is -7274 + -21?
-7305
In base 5, what is 40340 + -2330?
33010
In base 3, what is 10021200012 - 2201?
10021120111
In base 9, what is 23505 + -5?
23500
In base 9, what is 6731 + 12?
6743
In base 2, what is -10100101111 - 11001001100?
-101101111011
In base 15, what is 8ea + 14?
90e
In base 10, what is 7 - 175287?
-175280
In base 11, what is -36 - 2020?
-2056
In base 13, what is 509a8 + 2?
509aa
In base 7, what is -30342 - -5?
-30334
In base 8, what is -4373 - 16?
-4411
In base 15, what is -4cd8 - -7?
-4cd1
In base 8, what is 20475 + 22?
20517
In base 8, what is -1 + 3004651?
3004650
In base 16, what is -1237d - 3?
-12380
In base 10, what is -1098 + -7?
-1105
In base 14, what is 0 + -80a?
-80a
In base 9, what is 5 + -143113?
-143107
In base 5, what is 1242012 + -4?
1242003
In base 9, what is 1016 - -3338?
4355
In base 10, what is 2 + 206256?
206258
In base 11, what is 11598 + 51?
11639
In base 14, what is 2616 + 2?
2618
In base 9, what is 66068 + -3?
66065
In base 8, what is 402 + -153?
227
In base 16, what is 2 + 7a44?
7a46
In base 15, what is 7656 - 2?
7654
In base 7, what is -33 - -32124?
32061
In base 2, what is -1011010000101 + -110?
-1011010001011
In base 14, what is -50052 + -3?
-50055
In base 10, what is 26 - -1154?
1180
In base 11, what is -67 - 429?
-495
In base 7, what is -2222330 - 5?
-2222335
In base 9, what is 4 + 237507?
237512
In base 14, what is -531ca - -5?
-531c5
In base 5, what is -23 - 24232?
-24310
In base 2, what is -11000010100100000001011 - -100?
-11000010100100000000111
In base 3, what is 1102220 + 11120?
1121110
In base 11, what is -20 + 241?
221
In base 10, what is 2 - 627?
-625
In base 9, what is 104733 + 1?
104734
In base 2, what is -11110 + -1001101000100?
-1001101100010
In base 10, what is 2 - -7302?
7304
In base 6, what is 101112141 - 5?
101112132
In base 16, what is 124 - 41e?
-2fa
In base 12, what is -33 + -1015?
-1048
In base 9, what is 4261714 - 1?
4261713
In base 7, what is -43422 - -1?
-43421
In base 11, what is 537a - 198?
5192
In base 5, what is -214 - -200044?
144330
In base 4, what is 10 - 12311131?
-12311121
In base 13, what is ba65 + 6?
ba6b
In base 15, what is 4 - 14221?
-1421c
In base 15, what is 4 + -166ec?
-166e8
In base 9, what is -1085 + 1001?
-84
In base 6, what is 21140114 + -2?
21140112
In base 14, what is -5 + -2179?
-2180
In base 11, what is 4a6 - 897?
-3a1
In base 15, what is c4 + 25ab?
2680
In base 7, what is -10124 + -4165?
-14322
In base 15, what is -2 - -8bd?
8bb
In base 9, what is -61478 + 6?
-61472
In base 14, what is -311 + 47?
-2a8
In base 4, what is -1331 - -23?
